{"id":21162,"date":"2022-06-22T15:06:16","date_gmt":"2022-06-22T18:06:16","guid":{"rendered":"https:\/\/med.estrategia.com\/portal\/entidade\/universidade-federal-do-parana\/"},"modified":"2022-09-13T09:40:37","modified_gmt":"2022-09-13T12:40:37","slug":"universidade-federal-do-parana","status":"publish","type":"entity","link":"https:\/\/med.estrategia.com\/portal\/entidade\/universidade-federal-do-parana\/","title":{"rendered":"Universidade Federal do Paran\u00e1 (UFPR)"},"content":{"rendered":"<p>A&nbsp;Universidade Federal do Paran&aacute; (UFPR)&nbsp;&eacute; uma institui&ccedil;&atilde;o voltada para o ensino superior.&nbsp;Fundada em 1912, a universidade come&ccedil;ou como uma institui&ccedil;&atilde;o particular, chamada apenas como Universidade do Paran&aacute;. Na &eacute;poca, a institui&ccedil;&atilde;o oferecia apenas os cursos de Ci&ecirc;ncias Jur&iacute;dicas e Sociais, Engenharia, Medicina e Cirurgia, Com&eacute;rcio, Odontologia, Farm&aacute;cia e&nbsp;Obstetr&iacute;cia.<p>Foi apenas no ano de&nbsp;1950 que a UFPR passou pelo processo de federaliza&ccedil;&atilde;o&nbsp;e passou a se chamar Universidade Federal do Paran&aacute;.<\/p><\/p>\n","protected":false},"excerpt":{"rendered":"A&nbsp;Universidade Federal do Paran&aacute; (UFPR)&nbsp;&eacute; uma institui&ccedil;&atilde;o voltada para o ensino superior.&nbsp;Fundada em 1912, a universidade come&ccedil;ou como&hellip;\n","protected":false},"author":33,"featured_media":0,"comment_status":"closed","ping_status":"closed","template":"","meta":{"wl_entities_gutenberg":"","footnotes":""},"categories":[],"wl_entity_type":[192,194],"class_list":{"0":"post-21162","1":"entity","2":"type-entity","3":"status-publish","5":"wl_entity_type-creative-work","6":"wl_entity_type-organization"},"acf":[],"yoast_head":"<!-- This site is optimized with the Yoast SEO Premium plugin v26.6 (Yoast SEO v26.6) - https:\/\/yoast.com\/wordpress\/plugins\/seo\/ -->\n<title>Universidade Federal do Paran\u00e1 (UFPR) - Estrat\u00e9gia MED<\/title>\n<meta name=\"description\" content=\"A\u00a0Universidade Federal do Paran\u00e1 (UFPR)\u00a0\u00e9 uma institui\u00e7\u00e3o voltada para o ensino superior.\u00a0A universidade come\u00e7ou como uma ies particular.\" \/>\n<meta name=\"robots\" content=\"noindex, follow\" \/>\n<meta property=\"og:locale\" content=\"pt_BR\" \/>\n<meta property=\"og:type\" content=\"article\" \/>\n<meta property=\"og:title\" content=\"Universidade Federal do Paran\u00e1 (UFPR)\" \/>\n<meta property=\"og:description\" content=\"A\u00a0Universidade Federal do Paran\u00e1 (UFPR)\u00a0\u00e9 uma institui\u00e7\u00e3o voltada para o ensino superior.\u00a0A universidade come\u00e7ou como uma ies particular.\" \/>\n<meta property=\"og:url\" content=\"https:\/\/med.estrategia.com\/portal\/entidade\/universidade-federal-do-parana\/\" \/>\n<meta property=\"og:site_name\" content=\"Estrat\u00e9gia MED\" \/>\n<meta property=\"article:publisher\" content=\"https:\/\/www.facebook.com\/estrategiamed1\" \/>\n<meta property=\"article:modified_time\" content=\"2022-09-13T12:40:37+00:00\" \/>\n<meta property=\"og:image\" content=\"https:\/\/med.estrategia.com\/portal\/wp-content\/uploads\/2021\/12\/2ba766a1.png\" \/>\n\t<meta property=\"og:image:width\" content=\"1020\" \/>\n\t<meta property=\"og:image:height\" content=\"680\" \/>\n\t<meta property=\"og:image:type\" content=\"image\/png\" \/>\n<meta name=\"twitter:card\" content=\"summary_large_image\" \/>\n<meta name=\"twitter:site\" content=\"@estrategiamed_\" \/>\n<meta name=\"twitter:label1\" content=\"Est. tempo de leitura\" \/>\n\t<meta name=\"twitter:data1\" content=\"1 minuto\" \/>\n<script type=\"application\/ld+json\" class=\"yoast-schema-graph\">{\"@context\":\"https:\/\/schema.org\",\"@graph\":[{\"@type\":\"WebPage\",\"@id\":\"https:\/\/med.estrategia.com\/portal\/entidade\/universidade-federal-do-parana\/\",\"url\":\"https:\/\/med.estrategia.com\/portal\/entidade\/universidade-federal-do-parana\/\",\"name\":\"Universidade Federal do Paran\u00e1 (UFPR) - Estrat\u00e9gia MED\",\"isPartOf\":{\"@id\":\"https:\/\/med.estrategia.com\/portal\/#website\"},\"datePublished\":\"2022-06-22T18:06:16+00:00\",\"dateModified\":\"2022-09-13T12:40:37+00:00\",\"description\":\"A\u00a0Universidade Federal do Paran\u00e1 (UFPR)\u00a0\u00e9 uma institui\u00e7\u00e3o voltada para o ensino superior.\u00a0A universidade come\u00e7ou como uma ies particular.\",\"breadcrumb\":{\"@id\":\"https:\/\/med.estrategia.com\/portal\/entidade\/universidade-federal-do-parana\/#breadcrumb\"},\"inLanguage\":\"pt-BR\",\"potentialAction\":[{\"@type\":\"ReadAction\",\"target\":[\"https:\/\/med.estrategia.com\/portal\/entidade\/universidade-federal-do-parana\/\"]}]},{\"@type\":\"BreadcrumbList\",\"@id\":\"https:\/\/med.estrategia.com\/portal\/entidade\/universidade-federal-do-parana\/#breadcrumb\",\"itemListElement\":[{\"@type\":\"ListItem\",\"position\":1,\"name\":\"Home\",\"item\":\"https:\/\/med.estrategia.com\/portal\/\"},{\"@type\":\"ListItem\",\"position\":2,\"name\":\"Universidade Federal do Paran\u00e1 (UFPR)\"}]},{\"@type\":\"WebSite\",\"@id\":\"https:\/\/med.estrategia.com\/portal\/#website\",\"url\":\"https:\/\/med.estrategia.com\/portal\/\",\"name\":\"Estrat\u00e9gia MED\",\"description\":\"\",\"potentialAction\":[{\"@type\":\"SearchAction\",\"target\":{\"@type\":\"EntryPoint\",\"urlTemplate\":\"https:\/\/med.estrategia.com\/portal\/?s={search_term_string}\"},\"query-input\":{\"@type\":\"PropertyValueSpecification\",\"valueRequired\":true,\"valueName\":\"search_term_string\"}}],\"inLanguage\":\"pt-BR\"}]}<\/script>\n<!-- \/ Yoast SEO Premium plugin. -->","yoast_head_json":{"title":"Universidade Federal do Paran\u00e1 (UFPR) - Estrat\u00e9gia MED","description":"A\u00a0Universidade Federal do Paran\u00e1 (UFPR)\u00a0\u00e9 uma institui\u00e7\u00e3o voltada para o ensino superior.\u00a0A universidade come\u00e7ou como uma ies particular.","robots":{"index":"noindex","follow":"follow"},"og_locale":"pt_BR","og_type":"article","og_title":"Universidade Federal do Paran\u00e1 (UFPR)","og_description":"A\u00a0Universidade Federal do Paran\u00e1 (UFPR)\u00a0\u00e9 uma institui\u00e7\u00e3o voltada para o ensino superior.\u00a0A universidade come\u00e7ou como uma ies particular.","og_url":"https:\/\/med.estrategia.com\/portal\/entidade\/universidade-federal-do-parana\/","og_site_name":"Estrat\u00e9gia MED","article_publisher":"https:\/\/www.facebook.com\/estrategiamed1","article_modified_time":"2022-09-13T12:40:37+00:00","og_image":[{"width":1020,"height":680,"url":"https:\/\/med.estrategia.com\/portal\/wp-content\/uploads\/2021\/12\/2ba766a1.png","type":"image\/png"}],"twitter_card":"summary_large_image","twitter_site":"@estrategiamed_","twitter_misc":{"Est. tempo de leitura":"1 minuto"},"schema":{"@context":"https:\/\/schema.org","@graph":[{"@type":"WebPage","@id":"https:\/\/med.estrategia.com\/portal\/entidade\/universidade-federal-do-parana\/","url":"https:\/\/med.estrategia.com\/portal\/entidade\/universidade-federal-do-parana\/","name":"Universidade Federal do Paran\u00e1 (UFPR) - Estrat\u00e9gia MED","isPartOf":{"@id":"https:\/\/med.estrategia.com\/portal\/#website"},"datePublished":"2022-06-22T18:06:16+00:00","dateModified":"2022-09-13T12:40:37+00:00","description":"A\u00a0Universidade Federal do Paran\u00e1 (UFPR)\u00a0\u00e9 uma institui\u00e7\u00e3o voltada para o ensino superior.\u00a0A universidade come\u00e7ou como uma ies particular.","breadcrumb":{"@id":"https:\/\/med.estrategia.com\/portal\/entidade\/universidade-federal-do-parana\/#breadcrumb"},"inLanguage":"pt-BR","potentialAction":[{"@type":"ReadAction","target":["https:\/\/med.estrategia.com\/portal\/entidade\/universidade-federal-do-parana\/"]}]},{"@type":"BreadcrumbList","@id":"https:\/\/med.estrategia.com\/portal\/entidade\/universidade-federal-do-parana\/#breadcrumb","itemListElement":[{"@type":"ListItem","position":1,"name":"Home","item":"https:\/\/med.estrategia.com\/portal\/"},{"@type":"ListItem","position":2,"name":"Universidade Federal do Paran\u00e1 (UFPR)"}]},{"@type":"WebSite","@id":"https:\/\/med.estrategia.com\/portal\/#website","url":"https:\/\/med.estrategia.com\/portal\/","name":"Estrat\u00e9gia MED","description":"","potentialAction":[{"@type":"SearchAction","target":{"@type":"EntryPoint","urlTemplate":"https:\/\/med.estrategia.com\/portal\/?s={search_term_string}"},"query-input":{"@type":"PropertyValueSpecification","valueRequired":true,"valueName":"search_term_string"}}],"inLanguage":"pt-BR"}]}},"_wl_alt_label":["Universidade Federal do Paran\u00e1"],"wl:entity_url":"\/entity\/universidade-federal-do-parana","_links":{"self":[{"href":"https:\/\/med.estrategia.com\/portal\/wp-json\/wp\/v2\/entities\/21162","targetHints":{"allow":["GET"]}}],"collection":[{"href":"https:\/\/med.estrategia.com\/portal\/wp-json\/wp\/v2\/entities"}],"about":[{"href":"https:\/\/med.estrategia.com\/portal\/wp-json\/wp\/v2\/types\/entity"}],"author":[{"embeddable":true,"href":"https:\/\/med.estrategia.com\/portal\/wp-json\/wp\/v2\/users\/33"}],"replies":[{"embeddable":true,"href":"https:\/\/med.estrategia.com\/portal\/wp-json\/wp\/v2\/comments?post=21162"}],"version-history":[{"count":3,"href":"https:\/\/med.estrategia.com\/portal\/wp-json\/wp\/v2\/entities\/21162\/revisions"}],"predecessor-version":[{"id":25684,"href":"https:\/\/med.estrategia.com\/portal\/wp-json\/wp\/v2\/entities\/21162\/revisions\/25684"}],"wp:attachment":[{"href":"https:\/\/med.estrategia.com\/portal\/wp-json\/wp\/v2\/media?parent=21162"}],"wp:term":[{"taxonomy":"category","embeddable":true,"href":"https:\/\/med.estrategia.com\/portal\/wp-json\/wp\/v2\/categories?post=21162"},{"taxonomy":"wl_entity_type","embeddable":true,"href":"https:\/\/med.estrategia.com\/portal\/wp-json\/wp\/v2\/wl_entity_type?post=21162"}],"curies":[{"name":"wp","href":"https:\/\/api.w.org\/{rel}","templated":true}]}}

Universidade Federal do Paraná (UFPR)

<!-- This site is optimized with the Yoast SEO Premium plugin v26.6 (Yoast SEO v26.6) - https://yoast.com/wordpress/plugins/seo/ -->
<title>Universidade Federal do Paraná (UFPR) - Estratégia MED</title>
<meta name="description" content="A Universidade Federal do Paraná (UFPR) é uma instituição voltada para o ensino superior. A universidade começou como uma ies particular." />
<meta name="robots" content="noindex, follow" />
<meta property="og:locale" content="pt_BR" />
<meta property="og:type" content="article" />
<meta property="og:title" content="Universidade Federal do Paraná (UFPR)" />
<meta property="og:description" content="A Universidade Federal do Paraná (UFPR) é uma instituição voltada para o ensino superior. A universidade começou como uma ies particular." />
<meta property="og:url" content="https://med.estrategia.com/portal/entidade/universidade-federal-do-parana/" />
<meta property="og:site_name" content="Estratégia MED" />
<meta property="article:publisher" content="https://www.facebook.com/estrategiamed1" />
<meta property="article:modified_time" content="2022-09-13T12:40:37+00:00" />
<meta property="og:image" content="https://med.estrategia.com/portal/wp-content/uploads/2021/12/2ba766a1.png" />
	<meta property="og:image:width" content="1020" />
	<meta property="og:image:height" content="680" />
	<meta property="og:image:type" content="image/png" />
<meta name="twitter:card" content="summary_large_image" />
<meta name="twitter:site" content="@estrategiamed_" />
<meta name="twitter:label1" content="Est. tempo de leitura" />
	<meta name="twitter:data1" content="1 minuto" />
<script type="application/ld+json" class="yoast-schema-graph">{"@context":"https://schema.org","@graph":[{"@type":"WebPage","@id":"https://med.estrategia.com/portal/entidade/universidade-federal-do-parana/","url":"https://med.estrategia.com/portal/entidade/universidade-federal-do-parana/","name":"Universidade Federal do Paraná (UFPR) - Estratégia MED","isPartOf":{"@id":"https://med.estrategia.com/portal/#website"},"datePublished":"2022-06-22T18:06:16+00:00","dateModified":"2022-09-13T12:40:37+00:00","description":"A Universidade Federal do Paraná (UFPR) é uma instituição voltada para o ensino superior. A universidade começou como uma ies particular.","breadcrumb":{"@id":"https://med.estrategia.com/portal/entidade/universidade-federal-do-parana/#breadcrumb"},"inLanguage":"pt-BR","potentialAction":[{"@type":"ReadAction","target":["https://med.estrategia.com/portal/entidade/universidade-federal-do-parana/"]}]},{"@type":"BreadcrumbList","@id":"https://med.estrategia.com/portal/entidade/universidade-federal-do-parana/#breadcrumb","itemListElement":[{"@type":"ListItem","position":1,"name":"Home","item":"https://med.estrategia.com/portal/"},{"@type":"ListItem","position":2,"name":"Universidade Federal do Paraná (UFPR)"}]},{"@type":"WebSite","@id":"https://med.estrategia.com/portal/#website","url":"https://med.estrategia.com/portal/","name":"Estratégia MED","description":"","potentialAction":[{"@type":"SearchAction","target":{"@type":"EntryPoint","urlTemplate":"https://med.estrategia.com/portal/?s={search_term_string}"},"query-input":{"@type":"PropertyValueSpecification","valueRequired":true,"valueName":"search_term_string"}}],"inLanguage":"pt-BR"}]}</script>
<!-- / Yoast SEO Premium plugin. -->

Universidade Federal do Paraná (UFPR) - Estratégia MED

A Universidade Federal do Paraná (UFPR) é uma instituição voltada para o ensino superior. A universidade começou como uma ies particular.

Estratégia MED

Universidade Federal do Paraná
