{"id":47644,"date":"2023-09-20T16:07:51","date_gmt":"2023-09-20T19:07:51","guid":{"rendered":"https:\/\/med.estrategia.com\/portal\/entidade\/acne-neonatal\/"},"modified":"2023-10-06T18:04:31","modified_gmt":"2023-10-06T21:04:31","slug":"acne-neonatal","status":"publish","type":"entity","link":"https:\/\/med.estrategia.com\/portal\/entidade\/acne-neonatal\/","title":{"rendered":"Acne neonatal"},"content":{"rendered":"<p>A acne neonatal &eacute; uma erup&ccedil;&atilde;o cut&acirc;nea que acomete neonatos de 6 meses a dois anos. &Eacute; causada por um aumento dos n&iacute;veis de andr&oacute;genos adrenais, manifestando-se como p&uacute;stulas ou p&aacute;pulas inflamat&oacute;rias na regi&atilde;o da bochecha. O diagn&oacute;stico &eacute; cl&iacute;nico e o tratamento depender&aacute; da gravidade do quadro.<\/p>\n","protected":false},"excerpt":{"rendered":"A acne neonatal &eacute; uma erup&ccedil;&atilde;o cut&acirc;nea que acomete neonatos de 6 meses a dois anos. &Eacute; causada&hellip;\n","protected":false},"author":33,"featured_media":47209,"comment_status":"closed","ping_status":"closed","template":"","meta":{"wl_entities_gutenberg":"","footnotes":""},"categories":[],"wl_entity_type":[191],"class_list":{"0":"post-47644","1":"entity","2":"type-entity","3":"status-publish","4":"has-post-thumbnail","6":"wl_entity_type-thing"},"acf":[],"yoast_head":"<!-- This site is optimized with the Yoast SEO Premium plugin v26.6 (Yoast SEO v26.6) - https:\/\/yoast.com\/wordpress\/plugins\/seo\/ -->\n<title>Acne neonatal - Estrat\u00e9gia MED<\/title>\n<meta name=\"description\" content=\"A acne neonatal \u00e9 uma erup\u00e7\u00e3o cut\u00e2nea que acomete neonatos de 6 meses a dois anos. \u00c9 causada por um aumento dos n\u00edveis de andr\u00f3genos...\" \/>\n<meta name=\"robots\" content=\"noindex, follow\" \/>\n<meta property=\"og:locale\" content=\"pt_BR\" \/>\n<meta property=\"og:type\" content=\"article\" \/>\n<meta property=\"og:title\" content=\"Acne neonatal\" \/>\n<meta property=\"og:description\" content=\"A acne neonatal \u00e9 uma erup\u00e7\u00e3o cut\u00e2nea que acomete neonatos de 6 meses a dois anos. \u00c9 causada por um aumento dos n\u00edveis de andr\u00f3genos...\" \/>\n<meta property=\"og:url\" content=\"https:\/\/med.estrategia.com\/portal\/entidade\/acne-neonatal\/\" \/>\n<meta property=\"og:site_name\" content=\"Estrat\u00e9gia MED\" \/>\n<meta property=\"article:publisher\" content=\"https:\/\/www.facebook.com\/estrategiamed1\" \/>\n<meta property=\"article:modified_time\" content=\"2023-10-06T21:04:31+00:00\" \/>\n<meta property=\"og:image\" content=\"https:\/\/med.estrategia.com\/portal\/wp-content\/uploads\/2023\/09\/acne-2.jpg\" \/>\n\t<meta property=\"og:image:width\" content=\"596\" \/>\n\t<meta property=\"og:image:height\" content=\"469\" \/>\n\t<meta property=\"og:image:type\" content=\"image\/jpeg\" \/>\n<meta name=\"twitter:card\" content=\"summary_large_image\" \/>\n<meta name=\"twitter:site\" content=\"@estrategiamed_\" \/>\n<script type=\"application\/ld+json\" class=\"yoast-schema-graph\">{\"@context\":\"https:\/\/schema.org\",\"@graph\":[{\"@type\":\"WebPage\",\"@id\":\"https:\/\/med.estrategia.com\/portal\/entidade\/acne-neonatal\/\",\"url\":\"https:\/\/med.estrategia.com\/portal\/entidade\/acne-neonatal\/\",\"name\":\"Acne neonatal - Estrat\u00e9gia MED\",\"isPartOf\":{\"@id\":\"https:\/\/med.estrategia.com\/portal\/#website\"},\"primaryImageOfPage\":{\"@id\":\"https:\/\/med.estrategia.com\/portal\/entidade\/acne-neonatal\/#primaryimage\"},\"image\":{\"@id\":\"https:\/\/med.estrategia.com\/portal\/entidade\/acne-neonatal\/#primaryimage\"},\"thumbnailUrl\":\"https:\/\/med.estrategia.com\/portal\/wp-content\/uploads\/2023\/09\/acne-2.jpg\",\"datePublished\":\"2023-09-20T19:07:51+00:00\",\"dateModified\":\"2023-10-06T21:04:31+00:00\",\"description\":\"A acne neonatal \u00e9 uma erup\u00e7\u00e3o cut\u00e2nea que acomete neonatos de 6 meses a dois anos. \u00c9 causada por um aumento dos n\u00edveis de andr\u00f3genos...\",\"breadcrumb\":{\"@id\":\"https:\/\/med.estrategia.com\/portal\/entidade\/acne-neonatal\/#breadcrumb\"},\"inLanguage\":\"pt-BR\",\"potentialAction\":[{\"@type\":\"ReadAction\",\"target\":[\"https:\/\/med.estrategia.com\/portal\/entidade\/acne-neonatal\/\"]}]},{\"@type\":\"ImageObject\",\"inLanguage\":\"pt-BR\",\"@id\":\"https:\/\/med.estrategia.com\/portal\/entidade\/acne-neonatal\/#primaryimage\",\"url\":\"https:\/\/med.estrategia.com\/portal\/wp-content\/uploads\/2023\/09\/acne-2.jpg\",\"contentUrl\":\"https:\/\/med.estrategia.com\/portal\/wp-content\/uploads\/2023\/09\/acne-2.jpg\",\"width\":596,\"height\":469},{\"@type\":\"BreadcrumbList\",\"@id\":\"https:\/\/med.estrategia.com\/portal\/entidade\/acne-neonatal\/#breadcrumb\",\"itemListElement\":[{\"@type\":\"ListItem\",\"position\":1,\"name\":\"Home\",\"item\":\"https:\/\/med.estrategia.com\/portal\/\"},{\"@type\":\"ListItem\",\"position\":2,\"name\":\"Acne neonatal\"}]},{\"@type\":\"WebSite\",\"@id\":\"https:\/\/med.estrategia.com\/portal\/#website\",\"url\":\"https:\/\/med.estrategia.com\/portal\/\",\"name\":\"Estrat\u00e9gia MED\",\"description\":\"\",\"potentialAction\":[{\"@type\":\"SearchAction\",\"target\":{\"@type\":\"EntryPoint\",\"urlTemplate\":\"https:\/\/med.estrategia.com\/portal\/?s={search_term_string}\"},\"query-input\":{\"@type\":\"PropertyValueSpecification\",\"valueRequired\":true,\"valueName\":\"search_term_string\"}}],\"inLanguage\":\"pt-BR\"}]}<\/script>\n<!-- \/ Yoast SEO Premium plugin. -->","yoast_head_json":{"title":"Acne neonatal - Estrat\u00e9gia MED","description":"A acne neonatal \u00e9 uma erup\u00e7\u00e3o cut\u00e2nea que acomete neonatos de 6 meses a dois anos. \u00c9 causada por um aumento dos n\u00edveis de andr\u00f3genos...","robots":{"index":"noindex","follow":"follow"},"og_locale":"pt_BR","og_type":"article","og_title":"Acne neonatal","og_description":"A acne neonatal \u00e9 uma erup\u00e7\u00e3o cut\u00e2nea que acomete neonatos de 6 meses a dois anos. \u00c9 causada por um aumento dos n\u00edveis de andr\u00f3genos...","og_url":"https:\/\/med.estrategia.com\/portal\/entidade\/acne-neonatal\/","og_site_name":"Estrat\u00e9gia MED","article_publisher":"https:\/\/www.facebook.com\/estrategiamed1","article_modified_time":"2023-10-06T21:04:31+00:00","og_image":[{"width":596,"height":469,"url":"https:\/\/med.estrategia.com\/portal\/wp-content\/uploads\/2023\/09\/acne-2.jpg","type":"image\/jpeg"}],"twitter_card":"summary_large_image","twitter_site":"@estrategiamed_","schema":{"@context":"https:\/\/schema.org","@graph":[{"@type":"WebPage","@id":"https:\/\/med.estrategia.com\/portal\/entidade\/acne-neonatal\/","url":"https:\/\/med.estrategia.com\/portal\/entidade\/acne-neonatal\/","name":"Acne neonatal - Estrat\u00e9gia MED","isPartOf":{"@id":"https:\/\/med.estrategia.com\/portal\/#website"},"primaryImageOfPage":{"@id":"https:\/\/med.estrategia.com\/portal\/entidade\/acne-neonatal\/#primaryimage"},"image":{"@id":"https:\/\/med.estrategia.com\/portal\/entidade\/acne-neonatal\/#primaryimage"},"thumbnailUrl":"https:\/\/med.estrategia.com\/portal\/wp-content\/uploads\/2023\/09\/acne-2.jpg","datePublished":"2023-09-20T19:07:51+00:00","dateModified":"2023-10-06T21:04:31+00:00","description":"A acne neonatal \u00e9 uma erup\u00e7\u00e3o cut\u00e2nea que acomete neonatos de 6 meses a dois anos. \u00c9 causada por um aumento dos n\u00edveis de andr\u00f3genos...","breadcrumb":{"@id":"https:\/\/med.estrategia.com\/portal\/entidade\/acne-neonatal\/#breadcrumb"},"inLanguage":"pt-BR","potentialAction":[{"@type":"ReadAction","target":["https:\/\/med.estrategia.com\/portal\/entidade\/acne-neonatal\/"]}]},{"@type":"ImageObject","inLanguage":"pt-BR","@id":"https:\/\/med.estrategia.com\/portal\/entidade\/acne-neonatal\/#primaryimage","url":"https:\/\/med.estrategia.com\/portal\/wp-content\/uploads\/2023\/09\/acne-2.jpg","contentUrl":"https:\/\/med.estrategia.com\/portal\/wp-content\/uploads\/2023\/09\/acne-2.jpg","width":596,"height":469},{"@type":"BreadcrumbList","@id":"https:\/\/med.estrategia.com\/portal\/entidade\/acne-neonatal\/#breadcrumb","itemListElement":[{"@type":"ListItem","position":1,"name":"Home","item":"https:\/\/med.estrategia.com\/portal\/"},{"@type":"ListItem","position":2,"name":"Acne neonatal"}]},{"@type":"WebSite","@id":"https:\/\/med.estrategia.com\/portal\/#website","url":"https:\/\/med.estrategia.com\/portal\/","name":"Estrat\u00e9gia MED","description":"","potentialAction":[{"@type":"SearchAction","target":{"@type":"EntryPoint","urlTemplate":"https:\/\/med.estrategia.com\/portal\/?s={search_term_string}"},"query-input":{"@type":"PropertyValueSpecification","valueRequired":true,"valueName":"search_term_string"}}],"inLanguage":"pt-BR"}]}},"_wl_alt_label":[],"wl:entity_url":"\/entity\/acne-neonatal","_links":{"self":[{"href":"https:\/\/med.estrategia.com\/portal\/wp-json\/wp\/v2\/entities\/47644","targetHints":{"allow":["GET"]}}],"collection":[{"href":"https:\/\/med.estrategia.com\/portal\/wp-json\/wp\/v2\/entities"}],"about":[{"href":"https:\/\/med.estrategia.com\/portal\/wp-json\/wp\/v2\/types\/entity"}],"author":[{"embeddable":true,"href":"https:\/\/med.estrategia.com\/portal\/wp-json\/wp\/v2\/users\/33"}],"replies":[{"embeddable":true,"href":"https:\/\/med.estrategia.com\/portal\/wp-json\/wp\/v2\/comments?post=47644"}],"version-history":[{"count":1,"href":"https:\/\/med.estrategia.com\/portal\/wp-json\/wp\/v2\/entities\/47644\/revisions"}],"predecessor-version":[{"id":49195,"href":"https:\/\/med.estrategia.com\/portal\/wp-json\/wp\/v2\/entities\/47644\/revisions\/49195"}],"wp:featuredmedia":[{"embeddable":true,"href":"https:\/\/med.estrategia.com\/portal\/wp-json\/wp\/v2\/media\/47209"}],"wp:attachment":[{"href":"https:\/\/med.estrategia.com\/portal\/wp-json\/wp\/v2\/media?parent=47644"}],"wp:term":[{"taxonomy":"category","embeddable":true,"href":"https:\/\/med.estrategia.com\/portal\/wp-json\/wp\/v2\/categories?post=47644"},{"taxonomy":"wl_entity_type","embeddable":true,"href":"https:\/\/med.estrategia.com\/portal\/wp-json\/wp\/v2\/wl_entity_type?post=47644"}],"curies":[{"name":"wp","href":"https:\/\/api.w.org\/{rel}","templated":true}]}}

<!-- This site is optimized with the Yoast SEO Premium plugin v26.6 (Yoast SEO v26.6) - https://yoast.com/wordpress/plugins/seo/ -->
<title>Acne neonatal - Estratégia MED</title>
<meta name="description" content="A acne neonatal é uma erupção cutânea que acomete neonatos de 6 meses a dois anos. É causada por um aumento dos níveis de andrógenos..." />
<meta name="robots" content="noindex, follow" />
<meta property="og:locale" content="pt_BR" />
<meta property="og:type" content="article" />
<meta property="og:title" content="Acne neonatal" />
<meta property="og:description" content="A acne neonatal é uma erupção cutânea que acomete neonatos de 6 meses a dois anos. É causada por um aumento dos níveis de andrógenos..." />
<meta property="og:url" content="https://med.estrategia.com/portal/entidade/acne-neonatal/" />
<meta property="og:site_name" content="Estratégia MED" />
<meta property="article:publisher" content="https://www.facebook.com/estrategiamed1" />
<meta property="article:modified_time" content="2023-10-06T21:04:31+00:00" />
<meta property="og:image" content="https://med.estrategia.com/portal/wp-content/uploads/2023/09/acne-2.jpg" />
	<meta property="og:image:width" content="596" />
	<meta property="og:image:height" content="469" />
	<meta property="og:image:type" content="image/jpeg" />
<meta name="twitter:card" content="summary_large_image" />
<meta name="twitter:site" content="@estrategiamed_" />
<script type="application/ld+json" class="yoast-schema-graph">{"@context":"https://schema.org","@graph":[{"@type":"WebPage","@id":"https://med.estrategia.com/portal/entidade/acne-neonatal/","url":"https://med.estrategia.com/portal/entidade/acne-neonatal/","name":"Acne neonatal - Estratégia MED","isPartOf":{"@id":"https://med.estrategia.com/portal/#website"},"primaryImageOfPage":{"@id":"https://med.estrategia.com/portal/entidade/acne-neonatal/#primaryimage"},"image":{"@id":"https://med.estrategia.com/portal/entidade/acne-neonatal/#primaryimage"},"thumbnailUrl":"https://med.estrategia.com/portal/wp-content/uploads/2023/09/acne-2.jpg","datePublished":"2023-09-20T19:07:51+00:00","dateModified":"2023-10-06T21:04:31+00:00","description":"A acne neonatal é uma erupção cutânea que acomete neonatos de 6 meses a dois anos. É causada por um aumento dos níveis de andrógenos...","breadcrumb":{"@id":"https://med.estrategia.com/portal/entidade/acne-neonatal/#breadcrumb"},"inLanguage":"pt-BR","potentialAction":[{"@type":"ReadAction","target":["https://med.estrategia.com/portal/entidade/acne-neonatal/"]}]},{"@type":"ImageObject","inLanguage":"pt-BR","@id":"https://med.estrategia.com/portal/entidade/acne-neonatal/#primaryimage","url":"https://med.estrategia.com/portal/wp-content/uploads/2023/09/acne-2.jpg","contentUrl":"https://med.estrategia.com/portal/wp-content/uploads/2023/09/acne-2.jpg","width":596,"height":469},{"@type":"BreadcrumbList","@id":"https://med.estrategia.com/portal/entidade/acne-neonatal/#breadcrumb","itemListElement":[{"@type":"ListItem","position":1,"name":"Home","item":"https://med.estrategia.com/portal/"},{"@type":"ListItem","position":2,"name":"Acne neonatal"}]},{"@type":"WebSite","@id":"https://med.estrategia.com/portal/#website","url":"https://med.estrategia.com/portal/","name":"Estratégia MED","description":"","potentialAction":[{"@type":"SearchAction","target":{"@type":"EntryPoint","urlTemplate":"https://med.estrategia.com/portal/?s={search_term_string}"},"query-input":{"@type":"PropertyValueSpecification","valueRequired":true,"valueName":"search_term_string"}}],"inLanguage":"pt-BR"}]}</script>
<!-- / Yoast SEO Premium plugin. -->

Acne neonatal - Estratégia MED

A acne neonatal é uma erupção cutânea que acomete neonatos de 6 meses a dois anos. É causada por um aumento dos níveis de andrógenos...

Estratégia MED
